{"id":25,"date":"2026-01-29T02:29:35","date_gmt":"2026-01-29T00:29:35","guid":{"rendered":"https:\/\/hoitohuonekuura.fi\/?page_id=25"},"modified":"2026-03-24T13:15:31","modified_gmt":"2026-03-24T11:15:31","slug":"hoitohuone-kuura","status":"publish","type":"page","link":"https:\/\/hoitohuonekuura.fi\/","title":{"rendered":"Hoitohuone Kuura"},"content":{"rendered":"\n<div class=\"wp-block-group is-style-default has-custom-kuura-logon-teksti-color has-custom-kuura-logon-tausta-background-color has-text-color has-background has-link-color wp-elements-3991df52f32ce495cc89d97138e2dc0f has-global-padding is-layout-constrained wp-container-core-group-is-layout-e275e0ef wp-block-group-is-layout-constrained\" style=\"margin-top:0;margin-bottom:0;padding-top:var(--wp--preset--spacing--40);padding-right:var(--wp--preset--spacing--40);padding-bottom:var(--wp--preset--spacing--40);padding-left:var(--wp--preset--spacing--40)\">\n<div class=\"wp-block-columns are-vertically-aligned-center is-layout-flex wp-container-core-columns-is-layout-28f84493 wp-block-columns-is-layout-flex\">\n<div class=\"wp-block-column is-vertically-aligned-center is-layout-flow wp-container-core-column-is-layout-b9598678 wp-block-column-is-layout-flow\" style=\"padding-top:0;padding-bottom:0;flex-basis:66.7%\">\n<p class=\"has-text-align-center is-style-text-display has-large-font-size\" style=\"padding-top:0;padding-bottom:0\"><strong>Tervetuloa Hoitohuone Kuuraan, kotoisaan tilaan,<\/strong><br><strong>jossa p\u00e4\u00e4set lev\u00e4ht\u00e4m\u00e4\u00e4n ja l\u00f6yd\u00e4t helpotusta kipuun ja <\/strong><strong>toimintah\u00e4iri\u00f6ihin koko perheellesi.<\/strong><\/p>\n\n\n\n<p class=\"has-text-align-center is-style-text-display has-large-font-size\" style=\"padding-top:0;padding-bottom:0\"><strong>Tarjoamme osteopatiaa ja hierontaa Sipoossa terveytesi tueksi.<\/strong><\/p>\n<\/div>\n\n\n\n<div class=\"wp-block-column is-vertically-aligned-center is-layout-flow wp-block-column-is-layout-flow\" style=\"flex-basis:33.33%\">\n<figure class=\"wp-block-image size-large has-custom-border\"><img loading=\"lazy\" decoding=\"async\" width=\"1278\" height=\"1279\" src=\"https:\/\/hoitohuonekuura.fi\/wp-content\/uploads\/2026\/02\/DSC_4589_reduced-edited.jpg\" alt=\"\" class=\"wp-image-308\" style=\"border-top-left-radius:7px;border-top-right-radius:7px;border-bottom-left-radius:7px;border-bottom-right-radius:7px\" srcset=\"https:\/\/hoitohuonekuura.fi\/wp-content\/uploads\/2026\/02\/DSC_4589_reduced-edited.jpg 1278w, https:\/\/hoitohuonekuura.fi\/wp-content\/uploads\/2026\/02\/DSC_4589_reduced-edited-300x300.jpg 300w, https:\/\/hoitohuonekuura.fi\/wp-content\/uploads\/2026\/02\/DSC_4589_reduced-edited-1024x1024.jpg 1024w, https:\/\/hoitohuonekuura.fi\/wp-content\/uploads\/2026\/02\/DSC_4589_reduced-edited-150x150.jpg 150w, https:\/\/hoitohuonekuura.fi\/wp-content\/uploads\/2026\/02\/DSC_4589_reduced-edited-768x769.jpg 768w\" sizes=\"auto, (max-width: 1278px) 100vw, 1278px\" \/><\/figure>\n<\/div>\n<\/div>\n\n\n\n<div style=\"height:17px\" aria-hidden=\"true\" class=\"wp-block-spacer\"><\/div>\n\n\n\n<div class=\"wp-block-columns are-vertically-aligned-center is-layout-flex wp-container-core-columns-is-layout-28f84493 wp-block-columns-is-layout-flex\">\n<div class=\"wp-block-column is-vertically-aligned-center is-layout-flow wp-block-column-is-layout-flow\" style=\"flex-basis:33.3%\">\n<figure class=\"wp-block-image size-large has-custom-border\"><img loading=\"lazy\" decoding=\"async\" width=\"1024\" height=\"681\" src=\"https:\/\/hoitohuonekuura.fi\/wp-content\/uploads\/2026\/01\/DSC_4717_reduced-1024x681.jpg\" alt=\"\" class=\"wp-image-101\" style=\"border-top-left-radius:7px;border-top-right-radius:7px;border-bottom-left-radius:7px;border-bottom-right-radius:7px\" srcset=\"https:\/\/hoitohuonekuura.fi\/wp-content\/uploads\/2026\/01\/DSC_4717_reduced-1024x681.jpg 1024w, https:\/\/hoitohuonekuura.fi\/wp-content\/uploads\/2026\/01\/DSC_4717_reduced-300x200.jpg 300w, https:\/\/hoitohuonekuura.fi\/wp-content\/uploads\/2026\/01\/DSC_4717_reduced-768x511.jpg 768w, https:\/\/hoitohuonekuura.fi\/wp-content\/uploads\/2026\/01\/DSC_4717_reduced-1536x1022.jpg 1536w, https:\/\/hoitohuonekuura.fi\/wp-content\/uploads\/2026\/01\/DSC_4717_reduced.jpg 1920w\" sizes=\"auto, (max-width: 1024px) 100vw, 1024px\" \/><\/figure>\n<\/div>\n\n\n\n<div class=\"wp-block-column is-vertically-aligned-center is-layout-flow wp-block-column-is-layout-flow\" style=\"flex-basis:66.7%\">\n<p class=\"is-style-text-display has-medium-font-size\"><strong>Asiakkaita ovat muun muassa:<\/strong><\/p>\n\n\n\n<ul class=\"wp-block-list\">\n<li class=\"has-medium-font-size\">Akuutista tai kroonisesta kivusta k\u00e4rsiv\u00e4t<\/li>\n\n\n\n<li class=\"has-medium-font-size\">Vammasta tai sairaudesta toipuvat<\/li>\n\n\n\n<li class=\"has-medium-font-size\">Stressist\u00e4, uniongelmista tai uupumuksesta k\u00e4rsiv\u00e4t<\/li>\n\n\n\n<li class=\"has-medium-font-size\">Synnytykseen valmistautuvat raskaana olevat<\/li>\n\n\n\n<li class=\"has-medium-font-size\">Vanhemmat, jotka haluavat pit\u00e4\u00e4 lapsensa tervein\u00e4<\/li>\n\n\n\n<li class=\"has-medium-font-size\">Seniorit, jotka haluavat huolehtia hyvinvoinnistaan<\/li>\n<\/ul>\n<\/div>\n<\/div>\n<\/div>\n\n\n\n\n\n\n\n<div class=\"wp-block-group has-custom-kuura-logon-tausta-color has-custom-kuura-1-background-color has-text-color has-background has-link-color has-large-font-size wp-elements-b5f5e5ed88306c5fd365c87927d15577 has-global-padding is-layout-constrained wp-container-core-group-is-layout-9579916c wp-block-group-is-layout-constrained\" style=\"margin-top:0;margin-bottom:0;padding-top:var(--wp--preset--spacing--50);padding-right:var(--wp--preset--spacing--40);padding-bottom:var(--wp--preset--spacing--50);padding-left:var(--wp--preset--spacing--40)\">\n<div class=\"wp-block-columns is-layout-flex wp-container-core-columns-is-layout-28f84493 wp-block-columns-is-layout-flex\">\n<div class=\"wp-block-column is-layout-flow wp-block-column-is-layout-flow\" style=\"flex-basis:62%\">\n<h2 class=\"wp-block-heading\" style=\"margin-top:0;margin-bottom:0\">Osteopatiasta voi saada apua mm.<\/h2>\n\n\n\n<ul class=\"wp-block-list\">\n<li>Selk\u00e4kipuihin<\/li>\n\n\n\n<li>Niska- ja hartiaseudun j\u00e4nnityksiin<\/li>\n\n\n\n<li>P\u00e4\u00e4ns\u00e4rkyyn ja migreeniin<\/li>\n\n\n\n<li>Erilaisiin nivelongelmiin<\/li>\n\n\n\n<li>Hermopinteisiin ja puutumisoireisiin<\/li>\n\n\n\n<li>Leukanivelen toiminnallisiin ongelmiin kuten bruksismiin<\/li>\n\n\n\n<li>Huimaukseen<\/li>\n\n\n\n<li>Terveyden yll\u00e4pitoon ja sairauksien ennaltaehk\u00e4isyyn<\/li>\n\n\n\n<li>Hengitystieongelmiin<\/li>\n\n\n\n<li>Ruoansulatuselimist\u00f6n h\u00e4iri\u00f6ihin<\/li>\n\n\n\n<li>Uniongelmiin<\/li>\n\n\n\n<li>Lasten kehitykseen liittyviin oireiluihin<\/li>\n\n\n\n<li>Raskausaikana ilmeneviin vaivoihin ja synnytyksest\u00e4 toipumiseen<\/li>\n\n\n\n<li>Urheiluvammoihin<\/li>\n\n\n\n<li>Kroonisen kivun tai sairauden hallintaan<\/li>\n<\/ul>\n<\/div>\n\n\n\n<div class=\"wp-block-column is-layout-flow wp-block-column-is-layout-flow\" style=\"flex-basis:38%\">\n<div class=\"wp-block-group is-vertical is-layout-flex wp-container-core-group-is-layout-fe9cc265 wp-block-group-is-layout-flex\">\n<figure class=\"wp-block-image size-large has-custom-border\"><img loading=\"lazy\" decoding=\"async\" width=\"1277\" height=\"1277\" src=\"https:\/\/hoitohuonekuura.fi\/wp-content\/uploads\/2026\/02\/DSC_4661_reduced-edited-1.jpg\" alt=\"\" class=\"wp-image-314\" style=\"border-top-left-radius:7px;border-top-right-radius:7px;border-bottom-left-radius:7px;border-bottom-right-radius:7px\" srcset=\"https:\/\/hoitohuonekuura.fi\/wp-content\/uploads\/2026\/02\/DSC_4661_reduced-edited-1.jpg 1277w, https:\/\/hoitohuonekuura.fi\/wp-content\/uploads\/2026\/02\/DSC_4661_reduced-edited-1-300x300.jpg 300w, https:\/\/hoitohuonekuura.fi\/wp-content\/uploads\/2026\/02\/DSC_4661_reduced-edited-1-1024x1024.jpg 1024w, https:\/\/hoitohuonekuura.fi\/wp-content\/uploads\/2026\/02\/DSC_4661_reduced-edited-1-150x150.jpg 150w, https:\/\/hoitohuonekuura.fi\/wp-content\/uploads\/2026\/02\/DSC_4661_reduced-edited-1-768x768.jpg 768w\" sizes=\"auto, (max-width: 1277px) 100vw, 1277px\" \/><\/figure>\n\n\n\n<figure class=\"wp-block-image size-large has-custom-border\" style=\"margin-top:var(--wp--preset--spacing--20);margin-bottom:var(--wp--preset--spacing--20)\"><img loading=\"lazy\" decoding=\"async\" width=\"1024\" height=\"681\" src=\"https:\/\/hoitohuonekuura.fi\/wp-content\/uploads\/2026\/01\/DSC_4641_reduced-1024x681.jpg\" alt=\"\" class=\"wp-image-86\" style=\"border-top-left-radius:7px;border-top-right-radius:7px;border-bottom-left-radius:7px;border-bottom-right-radius:7px\" srcset=\"https:\/\/hoitohuonekuura.fi\/wp-content\/uploads\/2026\/01\/DSC_4641_reduced-1024x681.jpg 1024w, https:\/\/hoitohuonekuura.fi\/wp-content\/uploads\/2026\/01\/DSC_4641_reduced-300x200.jpg 300w, https:\/\/hoitohuonekuura.fi\/wp-content\/uploads\/2026\/01\/DSC_4641_reduced-768x511.jpg 768w, https:\/\/hoitohuonekuura.fi\/wp-content\/uploads\/2026\/01\/DSC_4641_reduced-1536x1022.jpg 1536w, https:\/\/hoitohuonekuura.fi\/wp-content\/uploads\/2026\/01\/DSC_4641_reduced.jpg 1920w\" sizes=\"auto, (max-width: 1024px) 100vw, 1024px\" \/><\/figure>\n<\/div>\n<\/div>\n<\/div>\n<\/div>\n\n\n","protected":false},"excerpt":{"rendered":"<p>Tervetuloa Hoitohuone Kuuraan, kotoisaan tilaan,jossa p\u00e4\u00e4set lev\u00e4ht\u00e4m\u00e4\u00e4n ja l\u00f6yd\u00e4t helpotusta kipuun ja toimintah\u00e4iri\u00f6ihin koko perheellesi. Tarjoamme osteopatiaa ja hierontaa Sipoossa terveytesi tueksi. Asiakkaita ovat muun muassa: Palvelut ja hinnasto Osteopatiasta Osteopaatti on Suomessa Valviran rekister\u00f6im\u00e4 ja nimikesuojattu terveydenhuollon ammattihenkil\u00f6. Osteopatian ydinperiaate on se, ett\u00e4 ihmisess\u00e4 on synnynn\u00e4isi\u00e4 itseparantumis- ja itses\u00e4\u00e4telymekanismeja, joiden johdosta keholla on luontainen [&hellip;]<\/p>\n","protected":false},"author":2,"featured_media":0,"parent":0,"menu_order":0,"comment_status":"closed","ping_status":"closed","template":"","meta":{"footnotes":"[]"},"class_list":["post-25","page","type-page","status-publish","hentry"],"_links":{"self":[{"href":"https:\/\/hoitohuonekuura.fi\/index.php?rest_route=\/wp\/v2\/pages\/25","targetHints":{"allow":["GET"]}}],"collection":[{"href":"https:\/\/hoitohuonekuura.fi\/index.php?rest_route=\/wp\/v2\/pages"}],"about":[{"href":"https:\/\/hoitohuonekuura.fi\/index.php?rest_route=\/wp\/v2\/types\/page"}],"author":[{"embeddable":true,"href":"https:\/\/hoitohuonekuura.fi\/index.php?rest_route=\/wp\/v2\/users\/2"}],"replies":[{"embeddable":true,"href":"https:\/\/hoitohuonekuura.fi\/index.php?rest_route=%2Fwp%2Fv2%2Fcomments&post=25"}],"version-history":[{"count":109,"href":"https:\/\/hoitohuonekuura.fi\/index.php?rest_route=\/wp\/v2\/pages\/25\/revisions"}],"predecessor-version":[{"id":487,"href":"https:\/\/hoitohuonekuura.fi\/index.php?rest_route=\/wp\/v2\/pages\/25\/revisions\/487"}],"wp:attachment":[{"href":"https:\/\/hoitohuonekuura.fi\/index.php?rest_route=%2Fwp%2Fv2%2Fmedia&parent=25"}],"curies":[{"name":"wp","href":"https:\/\/api.w.org\/{rel}","templated":true}]}}